hen 93 is divided by 32?
29
Calculate the remainder when 8923 is divided by 17.
15
Calculate the remainder when 820 is divided by 41.
0
What is the remainder when 84 is divided by 46?
38
What is the remainder when 249 is divided by 242?
7
What is the remainder when 2242 is divided by 5?
2
What is the remainder when 173 is divided by 45?
38
What is the remainder when 3063 is divided by 21?
18
Calculate the remainder when 224 is divided by 6.
2
Calculate the remainder when 3097 is divided by 310.
307
Calculate the remainder when 435 is divided by 134.
33
Calculate the remainder when 68822 is divided by 7.
5
What is the remainder when 1156 is divided by 40?
36
Calculate the remainder when 52 is divided by 23.
6
What is the remainder when 27 is divided by 14?
13
What is the remainder when 148 is divided by 2?
0
Calculate the remainder when 954 is divided by 120.
114
What is the remainder when 208 is divided by 53?
49
What is the remainder when 20 is divided by 3?
2
What is the remainder when 5422 is divided by 452?
450
What is the remainder when 320 is divided by 23?
21
What is the remainder when 543 is divided by 170?
33
Calculate the remainder when 103 is divided by 55.
48
Calculate the remainder when 1008 is divided by 269.
201
Calculate the remainder when 110 is divided by 14.
12
Calculate the remainder when 1901 is divided by 8.
5
Calculate the remainder when 64 is divided by 40.
24
Calculate the remainder when 1164 is divided by 22.
20
Calculate the remainder when 276 is divided by 20.
16
Calculate the remainder when 67 is divided by 66.
1
What is the remainder when 180 is divided by 92?
88
Calculate the remainder when 13374 is divided by 8.
6
Calculate the remainder when 95 is divided by 5.
0
What is the remainder when 345 is divided by 99?
48
Calculate the remainder when 145 is divided by 30.
25
What is the remainder when 735 is divided by 67?
65
Calculate the remainder when 548 is divided by 219.
110
Calculate the remainder when 1583 is divided by 72.
71
What is the remainder when 30 is divided by 15?
0
Calculate the remainder when 444 is divided by 163.
118
What is the remainder when 472 is divided by 17?
13
Calculate the remainder when 44 is divided by 4.
0
Calculate the remainder when 1693 is divided by 146.
87
Calculate the remainder when 207 is divided by 35.
32
Calculate the remainder when 2217 is divided by 74.
71
What is the remainder when 2375 is divided by 61?
57
What is the remainder when 2327 is divided by 233?
230
Calculate the remainder when 4157 is divided by 99.
98
What is the remainder when 170 is divided by 87?
83
What is the remainder when 1678 is divided by 12?
10
Calculate the remainder when 604 is divided by 150.
4
What is the remainder when 198 is divided by 106?
92
Calculate the remainder when 11 is divided by 4.
3
Calculate the remainder when 94 is divided by 11.
6
Calculate the remainder when 594 is divided by 50.
44
Calculate the remainder when 215 is divided by 83.
49
Calculate the remainder when 12549 is divided by 8.
5
What is the remainder when 104 is divided by 54?
50
What is the remainder when 1559 is divided by 24?
23
What is the remainder when 480 is divided by 61?
53
What is the remainder when 15429 is divided by 7709?
11
Calculate the remainder when 430 is divided by 48.
46
Calculate the remainder when 391 is divided by 29.
14
Calculate the remainder when 219 is divided by 113.
106
What is the remainder when 834 is divided by 19?
17
What is the remainder when 77 is divided by 25?
2
What is the remainder when 30 is divided by 19?
11
Calculate the remainder when 218 is divided by 5.
3
Calculate the remainder when 37 is divided by 13.
11
What is the remainder when 84 is divided by 8?
4
Calculate the remainder when 2434 is divided by 803.
25
What is the remainder when 640 is divided by 216?
208
What is the remainder when 948 is divided by 38?
36
What is the remainder when 283 is divided by 19?
17
What is the remainder when 1390 is divided by 171?
22
What is the remainder when 755 is divided by 153?
143
Calculate the remainder when 1663 is divided by 138.
7
What is the remainder when 86 is divided by 40?
6
What is the remainder when 796 is divided by 61?
3
Calculate the remainder when 1486 is divided by 293.
21
Calculate the remainder when 1558 is divided by 335.
218
Calculate the remainder when 27 is divided by 8.
3
Calculate the remainder when 682 is divided by 24.
10
Calculate the remainder when 2756 is divided by 24.
20
What is the remainder when 641 is divided by 210?
11
Calculate the remainder when 134 is divided by 73.
61
Calculate the remainder when 1427 is divided by 110.
107
What is the remainder when 1306 is divided by 13?
6
What is the remainder when 321 is divided by 7?
6
What is the remainder when 467 is divided by 43?
37
What is the remainder when 10436 is divided by 12?
8
Calculate the remainder when 368 is divided by 18.
8
What is the remainder when 37 is divided by 22?
15
What is the remainder when 403 is divided by 198?
7
Calculate the remainder when 158 is divided by 69.
20
What is the remainder when 133 is divided by 18?
7
What is the remainder when 1442 is divided by 132?
122
Calculate the remainder when 7102 is divided by 8.
6
What is the remainder when 399 is divided by 149?
101
Calculate the remainder when 629 is divided by 44.
13
What is the remainder when 96 is divided by 30?
6
What is the remainder when 245 is divided by 56?
21
What is the remainder when 1489 is divided by 210?
19
Calculate the remainder when 2116 is divided by 13.
10
Calculate the remainder when 90 is divided by 46.
44
Calculate the remainder when 447 is divided by 86.
17
Calculate the remainder when 115 is divided by 27.
7
What is the remainder when 49265 is divided by 119?
118
Calculate the remainder when 29272 is divided by 17.
15
Calculate the remainder when 501 is divided by 103.
89
What is the remainder when 121 is divided by 37?
10
Calculate the remainder when 947 is divided by 384.
179
Calculate the remainder when 1560 is divided by 387.
12
Calculate the remainder when 74 is divided by 29.
16
What is the remainder when 160 is divided by 74?
12
Calculate the remainder when 171 is divided by 18.
9
Calculate the remainder when 9 is divided by 6.
3
What is the remainder when 2286 is divided by 21?
18
Calculate the remainder when 79 is divided by 22.
13
Calculate the remainder when 67 is divided by 17.
16
What is the remainder when 106 is divided by 27?
25
What is the remainder when 1926 is divided by 51?
39
What is the remainder when 3261 is divided by 51?
48
Calculate the remainder when 923 is divided by 11.
10
Calculate the remainder when 356 is divided by 50.
6
What is the remainder when 549 is divided by 55?
54
Calculate the remainder when 900 is divided by 11.
9
Calculate the remainder when 6558 is divided by 20.
18
What is the remainder when 328 is divided by 57?
43
What is the remainder when 476 is divided by 157?
5
Calculate the remainder when 876 is divided by 40.
36
What is the remainder when 40 is divided by 6?
4
Calculate the remainder when 157 is divided by 34.
21
What is the remainder when 111 is divided by 31?
18
What is the remainder when 76 is divided by 9?
4
Calculate the remainder when 2393 is divided by 42.
41
What is the remainder when 561 is divided by 114?
105
What is the remainder when 1842 is divided by 572?
126
What is the remainder when 77 is divided by 4?
1
Calculate the remainder when 10757 is divided by 51.
47
Calculate the remainder when 31005 is divided by 272.
269
Calculate the remainder when 856 is divided by 124.
112
What is the remainder when 1435 is divided by 5?
0
What is the remainder when 38933 is divided by 13?
11
Calculate the remainder when 1304 is divided by 1290.
14
What is the remainder when 371 is divided by 91?
7
Calculate the remainder when 70 is divided by 30.
10
What is the remainder when 237 is divided by 24?
21
Calculate the remainder when 42 is divided by 37.
5
Calculate the remainder when 6942 is divided by 62.
60
Calculate the remainder when 46 is divided by 8.
6
Calculate the remainder when 1603 is divided by 100.
3
Calculate the remainder when 553 is divided by 126.
49
Calculate the remainder when 472 is divided by 46.
12
What is the remainder wh